uppose h = 3*a + 8, -6 = -5*h - 26. Let x = p - a. What are the prime factors of x?
5
Let c = 124 + 9. List the prime factors of c.
7, 19
List the prime factors of 2 - 87/2*(-40)/6.
2, 73
Let k = 218 + -88. List the prime factors of k.
2, 5, 13
Let w(s) = -s - 4. Let u be w(-7). Let b(n) = -n**2 + 4*n + 1. List the prime factors of b(u).
2
Suppose 10*m = 5*m + 175. What are the prime factors of (-10)/m - 44/(-7)?
2, 3
Let i(y) = 2*y**2 + 22*y + 16. What are the prime factors of i(-11)?
2
Let y be (-6)/(-4)*(-3 + 9). Let m(o) = o**3 - 10*o**2 + 9*o + 5. List the prime factors of m(y).
5
Let t = 39 - -6. Suppose 5*h - t = 5*a, -16 = -3*h + 5*a + 21. List the prime factors of h.
2
Let i(f) = 29*f. Let l be i(-3). Let x = l - -140. Let q = x - 35. List the prime factors of q.
2, 3
Let d = 12 + -18. Let t be (-6)/6*(d + 0). Let o = 2 + t. What are the prime factors of o?
2
Let o(b) = -b**2 - 6*b. Let j be (-4)/(-14) - 74/14. Let r be o(j). Suppose -11 = r*l - 61. What are the prime factors of l?
2, 5
Let p(a) = -a - 8. Suppose -2*x = -x + 12. List the prime factors of p(x).
2
List the prime factors of (4/(-10))/(11/(-8635)).
2, 157
Suppose -2*d - 70 = -7*d - 5*i, -i - 26 = -3*d. Suppose -d = k - 3*k. List the prime factors of k.
5
Suppose 5*h = 3*t + t - 1, 5*t = 2*h + 14. Suppose -7*w - z = -h*w - 31, 2*z = -w - 1. What are the prime factors of w?
3
Suppose 3*m + 150 = 4*u, 2*u - 4*u + 62 = 5*m. Let q = u + -2. List the prime factors of q.
2, 17
Suppose 2*c + 4*y = 114, 2*c = -0*c - y + 111. Let w = -27 + c. What are the prime factors of w?
2, 7
Let o = 133 + -86. Let z = o + -34. What are the prime factors of z?
13
Suppose -4*h + 0 = 4, -m - 2*h + 2 = 0. Suppose m*t - 13 = 3*t. What are the prime factors of t?
13
Let g(m) = -m**3 + 9*m**2 - 12*m + 6. List the prime factors of g(7).
2, 5
Let n be 128/3*(-15)/(-10). Suppose 5*f = f + n. List the prime factors of f.
2
Suppose -3*i + 5*s + 38 = 0, -3*i + 2*s - 6*s + 2 = 0. Suppose -l - 5 = -i. Let f(m) = 7*m**3 + m**2 + m - 1. What are the prime factors of f(l)?
2
Let w = -3 - -4. Let k be (2 - -2)/(0 - w). What are the prime factors of (-24)/(k - -2) - 1?
11
Let s(d) = d**3 - 10*d**2 + 10*d - 7. Let u be s(9). Suppose -4*o + 20 = -u*o. What are the prime factors of o?
2, 5
Let s(v) = -v**3 + 28. What are the prime factors of s(0)?
2, 7
Suppose -l = -0*l - 19. Suppose 5*q + 6 = -l. List the prime factors of 15 + q - (-1 - -2).
3
Suppose -3*b - b - 3*v - 1 = 0, -2 = 5*b + 4*v. Let p(f) = 5*f**2 - f + 2. What are the prime factors of p(b)?
2, 5
Suppose 4*f = -f. Let d be f/(2*1/1). Suppose 4*l - 22 - 2 = d. List the prime factors of l.
2, 3
Suppose g + 3*g = 0. Let x = 14 + g. Let u = -6 + x. What are the prime factors of u?
2
Let m = 6 - -1. List the prime factors of m.
7
Let p = -13 + 18. Let i(j) = 2*j - 6. What are the prime factors of i(p)?
2
Let a = 11 + 3. List the prime factors of a.
2, 7
Let u be (-15)/4 + 3/(-12). List the prime factors of u/10 - 72/(-30).
2
Let u be -4*(1 - 2) + -1. Let j = u + 2. List the prime factors of j.
5
Suppose -2 = -5*o + 3*b + 11, 0 = -o - 4*b - 2. Suppose 0 = v + o - 18. List the prime factors of v.
2
Suppose 2*l = -v, -5*l - 2*v = 3*v + 10. Suppose l*i - 213 - 4 = -5*s, -3 = -3*i. What are the prime factors of s?
43
Let n = 4 + -4. Suppose n = -4*w - w - 5*i + 45, 11 = 4*w - i. Suppose 0*f + 28 = w*f. List the prime factors of f.
7
Let x = 5 - 4. Suppose 1 = 2*i - x, 3*i = -v + 23. Suppose 0*z + 5*z = v. List the prime factors of z.
2
Let a(l) be the first derivative of -l**4/4 + 2*l**3/3 + 2*l - 1. What are the prime factors of a(2)?
2
Let f(z) = -6*z**2 + z. Suppose 0 = l + p + 3, -5*l = -2*l - p - 7. Let v be f(l). List the prime factors of 12 + v - 0/1.
7
Let u(q) = q**3 - 3*q**2 - 4*q. Let b be u(4). Let i = b + 4. What are the prime factors of i?
2
Let w = -5 - -3. Let q(h) = h**2 + 5. Let u be q(0). Let s = u + w. List the prime factors of s.
3
Let w(d) = d**2 + 6*d - 5. Let a be w(-5). Let k(p) = -p**2 - 10*p + 2. Let f be k(a). Suppose v - 36 = -f*v. List the prime factors of v.
2, 3
Suppose b - 2*c - 35 = 2, -5*b + 143 = 4*c. Suppose -23 - b = -3*t. What are the prime factors of t?
2, 3
List the prime factors of (116 - 6)*1/2.
5, 11
What are the prime factors of ((-312)/(-9))/((-6)/(-9))?
2, 13
Suppose 6*x = x - 20. List the prime factors of (x/(-5))/(4/10).
2
What are the prime factors of (42/(-8))/(21/(-196))?
7
List the prime factors of (2110/35 - 6) + (-4)/14.
2, 3
Suppose 2*d - 33 = 5. Suppose 5*g = -5*c - 30, -6 + 26 = -3*c - g. Let v = d + c. List the prime factors of v.
2, 3
Let s be (-1)/(-2) + 21/6. Suppose 0 = 3*j - s - 23. List the prime factors of j.
3
Let o be 7 - 5 - (1 - 41). Suppose -3*u - o = -0*u. What are the prime factors of (-12)/14*u/2?
2, 3
Let j be 3/3 + 0 + -1. Let r(o) = -o + 18. Let h be r(j). Suppose -h = 2*g - 4*g. List the prime factors of g.
3
Let m(s) = -s**2 - 5*s - 4. Let z be m(-4). Suppose 3*a + 4 + 2 = z. What are the prime factors of 15/a*6/(-5)?
3
Let c(i) = 3*i + 1. Let q = 0 + 1. What are the prime factors of c(q)?
2
Suppose -4*p + 19 - 11 = 0. List the prime factors of 9/(-6)*-5*p.
3, 5
List the prime factors of -53*(5 - 24/3).
3, 53
Let k = 1 - -3. Let q(o) = -o**3 + 3*o**2 + 7*o - 6. List the prime factors of q(k).
2, 3
Suppose -3*n = -3*l - 18, -2*n - 6 = 5*l - l. List the prime factors of (-6)/(l/(-18)*-2).
2, 3
Let b = 12 - -41. List the prime factors of b.
53
Let b(s) = -s + 4. Suppose 0 = 2*k + 2*k - 8. Let y be (-21)/k + (-3)/(-2). List the prime factors of b(y).
13
Let d(y) = -y**2 - 6*y - 6. Let u be d(-4). Suppose u*g + 0*g + 6 = -m, -3*m = 3*g + 3. List the prime factors of m.
2
What are the prime factors of -2*((0 - 0) + 1) + 164?
2, 3
Let q = -21 - -118. What are the prime factors of q?
97
Let w = -1 + 2. Suppose 35 = 3*i - r, -4*i + 36 = -4*r - 16. Suppose w = k - i. List the prime factors of k.
2, 3
Suppose -5*w + 38 + 2 = y, -3*w = -5*y + 116. Suppose 8*z - 3*z - y = 0. What are the prime factors of z?
5
Let b = 10 + -40. List the prime factors of (-588)/b - (-2)/5.
2, 5
Let d = 9 + -7. Let u(g) = -2*g**2 + 4*g - 3. Let m be u(d). List the prime factors of 42/2 - (5 + m).
19
Let y(i) = 2*i**2 + 3*i + 2. Let z(m) = -m - 2. Let w be z(0). Let d be y(w). Suppose 0*c - 5 = -r + c, -5 = -r - d*c. What are the prime factors of r?
5
Let r(k) = 5*k**2 - 2*k + 2. Let h be r(1). Suppose 0 = -h*p - 20, -p - 72 = -2*d - 5*p. List the prime factors of d.
2, 11
Let r be 4 + ((-2)/(-2) - 0). Suppose 10*q = r*q + 170. List the prime factors of q.
2, 17
Let d(b) = 2*b + 13. Let f be d(11). Suppose -f = -4*z - z. List the prime factors of z.
7
Let y = 45 - 19. List the prime factors of y.
2, 13
Let p be -2*((-6)/(-4))/(-1). Let w(t) = t**2 + 2*t - 1. Let q be w(-3). Suppose -p - q = -o. What are the prime factors of o?
5
Suppose -5*a = -2*n + 21, 5*a + 31 = -3*n - 0*a. What are the prime factors of 2*(n - -3) - -31?
3, 11
Let j(p) = 4*p**2 + 9 - 3*p**2 - 3*p**3 + 4*p**3. List the prime factors of j(0).
3
Let m(s) = -42*s. Let y be m(-4). Suppose 2*r + y = -2*r. What are the prime factors of (-2)/(-3*(-4)/r)?
7
List the prime factors of 2 - 127/3*-3.
3, 43
Let n(q) = 47*q + 11. List the prime factors of n(4).
199
Let h be (3 + -1)/(6/9). Suppose -20 = 2*r - 5*x, -1 = 5*r - x + 3. Suppose 22 = i + h*a, -3*i = -r*i - 4*a - 66. What are the prime factors of i?
2, 11
What are the prime factors of (-27)/54 - (-1 - (-494)/(-4))?
2, 31
Suppose -2*j + 218 = 4*c, -3*j - 158 = -3*c + 28. List the prime factors of c.
3, 19
What are the prime factors of (-4 - 0)/(-4)*66?
2, 3, 11
Let f = -113 + 272. What are the prime factors of f?
3, 53
Let r(j) = -78*j**3 + 1. What are the prime factors of r(-1)?
79
Let q(c) = 5*c**2 - 7*c - 7. List the prime factors of q(6).
131
Let v = 58 + -38. Let h = -10 + v. What are the prime factors of h?
2, 5
Let s(k) = -k**2 + k - 1. Let n(o) = -3*o**2 + 10*o - 7. Let z(w) = n(w) - 2*s(w). Let q be z(5). Let c = q + 2. List the prime factors of c.
2, 3
Let y(b) = -4*b + 2*b**2 + 0*b**2 + 0*b**2 - 3 + b**3. Let h be y(-3). Suppose h*i + i = 5. List the prime factors of i.
5
Suppose 3*s - 239 = -2*d, s - 57 - 24 = -2*d. List the prime factors of s.
79
Let w(h) = 5*h - 13. What are the prime fa